{"id":2,"date":"2018-06-28T11:31:12","date_gmt":"2018-06-28T09:31:12","guid":{"rendered":"http:\/\/www.wkroglowski.de\/wp\/?page_id=2"},"modified":"2019-01-08T10:03:43","modified_gmt":"2019-01-08T09:03:43","slug":"beispiel-seite","status":"publish","type":"page","link":"https:\/\/www.wkroglowski.de\/?page_id=2","title":{"rendered":"Leistungen"},"content":{"rendered":"<h3><span style=\"color: #000000;\">Die <span style=\"color: #cc0400;\">Welt<\/span> der WKroglowski GmbH &amp; Co. KG\u00a0<\/span><u><\/u><\/h3>\n<p>&nbsp;<\/p>\n<table style=\"height: 2384px;\" width=\"801\">\n<tbody>\n<tr>\n<td width=\"302\"><strong>Laserschneiden<\/strong><\/td>\n<td width=\"302\">Um unsere Kunden im Bereich Laserschneiden optimal zu bedienen, verf\u00fcgen wir \u00fcber zwei moderne Laserschneidanlagen. Mit diesen k\u00f6nnen wir Bleche im Gro\u00dfformat 1500 x 3000 mm problemlos schneiden. Bei Stahl sind wir in der Lage, Blechst\u00e4rken von bis zu 10 mm zu verarbeiten. Bei Aluminium reicht unsere Ausstattung f\u00fcr Bleche bis zu einer St\u00e4rke von 4 mm und bei Edelstahl bis zu 10 mm. Auch f\u00fcr Kunden, die Teile in einer gr\u00f6\u00dferen Blechst\u00e4rke und in gr\u00f6\u00dferen Formaten ben\u00f6tigen, sind wir der richtige Ansprechpartner. Mit unserer ausgew\u00e4hlten \u201everl\u00e4ngerten Werkbank\u201c k\u00f6nnen wir auch diesen Bedarf abdecken.<\/td>\n<\/tr>\n<tr>\n<td width=\"302\"><strong>Nibbeln<\/strong><\/td>\n<td width=\"302\">Um unseren Kunden eine kosteng\u00fcnstige Produktion ihrer Teile zu gew\u00e4hrleisten, verf\u00fcgen wir \u00fcber eine Trumatic 500R der Firma Trumpf. Diese Stanz-\/Nibbelmaschine eignet sich als CNC-gesteuerte Blechbearbeitungsmaschine zum Stanzen, Nibbeln und Umformen. Auch mit dieser Maschine sind wir in der Lage, Blechtafeln des Gro\u00dfformates 1500 x 3000 mm zu verarbeiten.<\/td>\n<\/tr>\n<tr>\n<td width=\"302\"><strong>Kanten<\/strong><\/td>\n<td width=\"302\">Im Bereich des Kantens arbeiten wir mit hydraulischen Gesenkbiegepressen. Da unsere Abkantpressen \u00fcber einen maximalen Hub von 410 mm und eine maximale Tischl\u00e4nge von 3550 mm verf\u00fcgen, sind wir in der Lage, eine Vielzahl von Geometrien \u201ein einem St\u00fcck\u201c ohne zus\u00e4tzliches Schwei\u00dfen zu fertigen.<\/td>\n<\/tr>\n<tr>\n<td width=\"302\"><strong>Schwei\u00dfen<\/strong><\/td>\n<td width=\"302\">Als zertifizierter Schwei\u00dfbetrieb gew\u00e4hrleisten wir ein H\u00f6chstma\u00df an Qualit\u00e4t. Dazu geh\u00f6rt auch die r\u00e4umliche Trennung der Bereiche f\u00fcr die Stahl- und die Edelstahl \/ Aluminiumverarbeitung. Zur Schwarzstahlverarbeitung stehen uns acht voll ausger\u00fcstete Schwei\u00dfpl\u00e4tze sowie ein separater Bereich f\u00fcr die Schleifarbeiten zur Verf\u00fcgung. Im Edelstahl- und Aluminiumschwei\u00dfbereich stehen uns vierzehn voll ausger\u00fcstete Schwei\u00dfarbeitspl\u00e4tze zur Verf\u00fcgung. In beiden Bereichen sind Krananlagen f\u00fcr das \u201eHandling\u201c von gro\u00dfen Baugruppen installiert.<\/td>\n<\/tr>\n<tr>\n<td width=\"302\"><strong>Zerspanung\u00a0<\/strong><\/td>\n<td width=\"302\">Durch umfangreiche Investitionen in unseren Maschinenpark f\u00fcr den Bereich Zerspanung, von der konventionellen Drehbank \u00fcber eine CNC-Drehbank mit automatischem Vorschub und angetriebenen Werkzeugwechsel, bis hin zu drei Bearbeitungszentren, befinden wir uns auf dem neuesten Stand der Technik.<\/td>\n<\/tr>\n<tr>\n<td width=\"302\"><strong>Oberfl\u00e4chenbehandlung\u00a0<\/strong><\/td>\n<td width=\"302\">Mit unseren gro\u00dfen Bandschleifmaschinen erzeugen wir auf Teilen bis zu einem Ausma\u00df von 4000 x 2000 mm ein absolut gleichm\u00e4\u00dfiges Schliffbild. Dar\u00fcber hinaus ist unsere Oberfl\u00e4chenbehandlung vom Fingerschleifer und Schleifbock, \u00fcber Glasperlanlagen (Bearbeitungsbereich ca. 800 x 600 x 600 mm), bis hin zum Polierbock mit allen erforderlichen Ger\u00e4ten ausgestattet. Unser Troval ist die erste Adresse f\u00fcr das Entgraten und Erzeugen gleichm\u00e4\u00dfiger Oberfl\u00e4chen. 90 Prozent unseres Teilespektrums werden standardm\u00e4\u00dfig entgratet.<\/td>\n<\/tr>\n<tr>\n<td width=\"302\"><strong>Endmontage<\/strong><\/td>\n<td width=\"302\">Um unseren Kunden bei Bedarf auch komplett fertig montierte Baugruppen zu liefern, haben wir in unserer Fertigungshalle einen rund 600 m\u00b2 gro\u00dfen Bereich ausschlie\u00dflich f\u00fcr die Montage von Baugruppen zur Verf\u00fcgung. Mit der installierten Kranbahn sind wir in der Lage, auch schwere Baugruppen zu handeln. Bei allen Auftr\u00e4gen greifen \u00fcber den gesamten Fertigungsprozess hinweg zahlreiche Ma\u00dfnahmen zur Sicherung einer konstant hohen Produktqualit\u00e4t. Alle Arbeitsschritte werden dabei von umfangreichen Pr\u00fcfverfahren begleitet und unterliegen einer st\u00e4ndigen Soll-\/Ist-Kontrolle.<\/p>\n<p>&nbsp;<\/td>\n<\/tr>\n<\/tbody>\n<\/table>\n","protected":false},"excerpt":{"rendered":"<p>Die Welt der WKroglowski GmbH &amp; Co. KG\u00a0 &nbsp; Laserschneiden Um unsere Kunden im Bereich Laserschneiden optimal zu bedienen, verf\u00fcgen wir \u00fcber zwei moderne Laserschneidanlagen. Mit diesen k\u00f6nnen wir Bleche im Gro\u00dfformat 1500 x 3000 mm problemlos schneiden. Bei Stahl sind wir in der Lage, Blechst\u00e4rken von bis zu 10 mm zu verarbeiten. Bei Aluminium [&hellip;]<\/p>\n","protected":false},"author":1,"featured_media":680,"parent":0,"menu_order":0,"comment_status":"closed","ping_status":"open","template":"","meta":[],"_links":{"self":[{"href":"https:\/\/www.wkroglowski.de\/index.php?rest_route=\/wp\/v2\/pages\/2"}],"collection":[{"href":"https:\/\/www.wkroglowski.de\/index.php?rest_route=\/wp\/v2\/pages"}],"about":[{"href":"https:\/\/www.wkroglowski.de\/index.php?rest_route=\/wp\/v2\/types\/page"}],"author":[{"embeddable":true,"href":"https:\/\/www.wkroglowski.de\/index.php?rest_route=\/wp\/v2\/users\/1"}],"replies":[{"embeddable":true,"href":"https:\/\/www.wkroglowski.de\/index.php?rest_route=%2Fwp%2Fv2%2Fcomments&post=2"}],"version-history":[{"count":32,"href":"https:\/\/www.wkroglowski.de\/index.php?rest_route=\/wp\/v2\/pages\/2\/revisions"}],"predecessor-version":[{"id":705,"href":"https:\/\/www.wkroglowski.de\/index.php?rest_route=\/wp\/v2\/pages\/2\/revisions\/705"}],"wp:featuredmedia":[{"embeddable":true,"href":"https:\/\/www.wkroglowski.de\/index.php?rest_route=\/wp\/v2\/media\/680"}],"wp:attachment":[{"href":"https:\/\/www.wkroglowski.de\/index.php?rest_route=%2Fwp%2Fv2%2Fmedia&parent=2"}],"curies":[{"name":"wp","href":"https:\/\/api.w.org\/{rel}","templated":true}]}}