{"id":270,"date":"2018-07-02T15:40:45","date_gmt":"2018-07-02T13:40:45","guid":{"rendered":"http:\/\/www.wkroglowski.de\/wp\/?page_id=270"},"modified":"2022-01-26T11:31:47","modified_gmt":"2022-01-26T10:31:47","slug":"eissegeln","status":"publish","type":"page","link":"https:\/\/www.wkroglowski.de\/?page_id=270","title":{"rendered":"Eissegeln"},"content":{"rendered":"<h5><strong> Willkommen auf unserer Website f\u00fcr Eissegelteile.<\/strong><\/h5>\n<p>Wir haben uns auf Bauteile aus Stahl, Edelstahl oder Aluminium spezialisiert. Wir f\u00fchren ein Standardsortiment, das von der deutschen und europ\u00e4ischen Spitze gesegelt und empfohlen wird.\u00a0<a href=\"https:\/\/www.wkroglowski.de\/wp-content\/uploads\/2018\/07\/germany.png\"><img decoding=\"async\" loading=\"lazy\" class=\"alignright size-full wp-image-456\" src=\"https:\/\/www.wkroglowski.de\/wp-content\/uploads\/2018\/07\/germany.png\" alt=\"\" width=\"48\" height=\"30\" \/><\/a><br \/>\nWir sind aber auch offen f\u00fcr Neues und fertigen gerne f\u00fcr Sie besondere Einzelteile auf Anfrage.<\/p>\n<p><strong>WKroglowski Icesailing Equipment is delighted that you have decided to visit our website.<\/strong><\/p>\n<p>The aim of the website is to provide you with information about the material and products we offer in the area of ice sailing. We focus on building components made of aluminium and stainless stee. We offer a range of standardized products that have been recommended as well as sailed from top sailors of the world. In case you have special ideas or requests about our products please don&#8217;t\u00a0hesitate to send us an e-mail.The following products are included in our standard range and will be<a href=\"https:\/\/www.wkroglowski.de\/wp-content\/uploads\/2018\/07\/englische20flagge.png\"><img decoding=\"async\" loading=\"lazy\" class=\"alignright size-full wp-image-455\" src=\"https:\/\/www.wkroglowski.de\/wp-content\/uploads\/2018\/07\/englische20flagge.png\" alt=\"\" width=\"50\" height=\"36\" \/><\/a> made in the requested size after you have placed the order on our website.<b><\/b><\/p>\n<p><!--more--><\/p>\n<p style=\"text-align: center;\">Link:\u00a0<a href=\"https:\/\/www.wkroglowski.de\/wp-content\/uploads\/2022\/01\/Eissegeln-2022.pdf\">Eissegeln 2022 &#8211; Preisliste<\/a><\/p>\n<p style=\"text-align: left;\"><span class=\"nav\">F\u00fcr Nachfragen rufen Sie uns an oder <\/span><span class=\"nav\">sprechen Sie mich auf dem Eis an (G749)\u00a0<\/span><\/p>\n<p><a href=\"https:\/\/www.wkroglowski.de\/wp-content\/uploads\/2018\/07\/jk_stm_030429.jpg\"><img decoding=\"async\" loading=\"lazy\" class=\"size-medium wp-image-458 alignnone\" src=\"https:\/\/www.wkroglowski.de\/wp-content\/uploads\/2018\/07\/jk_stm_030429-300x198.jpg\" alt=\"\" width=\"300\" height=\"198\" srcset=\"https:\/\/www.wkroglowski.de\/wp-content\/uploads\/2018\/07\/jk_stm_030429-300x198.jpg 300w, https:\/\/www.wkroglowski.de\/wp-content\/uploads\/2018\/07\/jk_stm_030429.jpg 400w\" sizes=\"(max-width: 300px) 100vw, 300px\" \/><\/a><\/p>\n<p style=\"text-align: left;\"><span class=\"nav\">Telefon: +49 (0) 4340\/4015-0<br \/>\nFax:\u00a0+49 (0) 4340\/4015-19<br \/>\nE-Mail:\u00a0info@wkroglowski.de<\/span><span class=\"nav\"><br \/>\n<\/span><\/p>\n<p style=\"text-align: left;\"><span class=\"nav\">Wulf Kroglowski<\/span><\/p>\n","protected":false},"excerpt":{"rendered":"<p>Willkommen auf unserer Website f\u00fcr Eissegelteile. Wir haben uns auf Bauteile aus Stahl, Edelstahl oder Aluminium spezialisiert. Wir f\u00fchren ein Standardsortiment, das von der deutschen und europ\u00e4ischen Spitze gesegelt und empfohlen wird.\u00a0 Wir sind aber auch offen f\u00fcr Neues und fertigen gerne f\u00fcr Sie besondere Einzelteile auf Anfrage. WKroglowski Icesailing Equipment is delighted that you [&hellip;]<\/p>\n","protected":false},"author":2,"featured_media":453,"parent":0,"menu_order":0,"comment_status":"closed","ping_status":"closed","template":"","meta":[],"_links":{"self":[{"href":"https:\/\/www.wkroglowski.de\/index.php?rest_route=\/wp\/v2\/pages\/270"}],"collection":[{"href":"https:\/\/www.wkroglowski.de\/index.php?rest_route=\/wp\/v2\/pages"}],"about":[{"href":"https:\/\/www.wkroglowski.de\/index.php?rest_route=\/wp\/v2\/types\/page"}],"author":[{"embeddable":true,"href":"https:\/\/www.wkroglowski.de\/index.php?rest_route=\/wp\/v2\/users\/2"}],"replies":[{"embeddable":true,"href":"https:\/\/www.wkroglowski.de\/index.php?rest_route=%2Fwp%2Fv2%2Fcomments&post=270"}],"version-history":[{"count":12,"href":"https:\/\/www.wkroglowski.de\/index.php?rest_route=\/wp\/v2\/pages\/270\/revisions"}],"predecessor-version":[{"id":891,"href":"https:\/\/www.wkroglowski.de\/index.php?rest_route=\/wp\/v2\/pages\/270\/revisions\/891"}],"wp:featuredmedia":[{"embeddable":true,"href":"https:\/\/www.wkroglowski.de\/index.php?rest_route=\/wp\/v2\/media\/453"}],"wp:attachment":[{"href":"https:\/\/www.wkroglowski.de\/index.php?rest_route=%2Fwp%2Fv2%2Fmedia&parent=270"}],"curies":[{"name":"wp","href":"https:\/\/api.w.org\/{rel}","templated":true}]}}